{"id":8774,"date":"2026-03-06T09:29:22","date_gmt":"2026-03-06T09:29:22","guid":{"rendered":"https:\/\/fapor.slideshow.com.pt\/?page_id=8774"},"modified":"2026-03-23T12:50:51","modified_gmt":"2026-03-23T12:50:51","slug":"sobre","status":"publish","type":"page","link":"https:\/\/fapor.slideshow.com.pt\/index.php\/sobre\/","title":{"rendered":"SOBRE"},"content":{"rendered":"\t\t<div data-elementor-type=\"wp-page\" data-elementor-id=\"8774\" class=\"elementor elementor-8774\">\n\t\t\t\t<div class=\"elementor-element elementor-element-dec8a1a e-flex e-con-boxed e-con e-parent\" data-id=\"dec8a1a\" data-element_type=\"container\" data-e-type=\"container\">\n\t\t\t\t\t<div class=\"e-con-inner\">\n\t\t<div class=\"elementor-element elementor-element-0b4713c e-con-full e-flex e-con e-child\" data-id=\"0b4713c\" data-element_type=\"container\" data-e-type=\"container\">\n\t\t\t\t<div class=\"elementor-element elementor-element-a227501 elementor-widget__width-initial elementor-widget elementor-widget-text-editor\" data-id=\"a227501\" data-element_type=\"widget\" data-e-type=\"widget\" data-widget_type=\"text-editor.default\">\n\t\t\t\t\t\t\t\t\t<h3><span style=\"color: #2f2b86;\">Fundada em 1986, na zona industrial da Jardoeira, na Batalha, no centro de Portugal, a Fapor \u00e9 uma empresa portuguesa dedicada \u00e0 produ\u00e7\u00e3o e comercializa\u00e7\u00e3o de loi\u00e7a utilit\u00e1ria em faian\u00e7a, barro vermelho e gr\u00e9s.<\/span><\/h3>\t\t\t\t\t\t\t\t<\/div>\n\t\t\t\t<div class=\"elementor-element elementor-element-aec5af8 elementor-widget elementor-widget-text-editor\" data-id=\"aec5af8\" data-element_type=\"widget\" data-e-type=\"widget\" data-widget_type=\"text-editor.default\">\n\t\t\t\t\t\t\t\t\t<p>Ao longo de quatro d\u00e9cadas, temos vindo a consolidar um percurso assente na combina\u00e7\u00e3o entre a experi\u00eancia artesanal e a evolu\u00e7\u00e3o tecnol\u00f3gica. Produzimos pe\u00e7as para forno, mesa e cozinha, com uma capacidade anual na ordem dos 3 milh\u00f5es de unidades, sendo a grande maioria destinada a exporta\u00e7\u00e3o para mercados como os <strong>Estados Unidos<\/strong>, <strong>Canad\u00e1<\/strong>, <strong>Austr\u00e1lia<\/strong> e <strong>v\u00e1rios pa\u00edses europeus<\/strong>.<\/p><p>Apostamos continuamente na qualidade e no desenvolvimento de produto. Contamos com um departamento de Investiga\u00e7\u00e3o e Desenvolvimento, bem como um Laborat\u00f3rio pr\u00f3prio, que nos permitem trabalhar tanto em cole\u00e7\u00f5es pr\u00f3prias como em projetos desenvolvidos em parceria com os nossos clientes, sempre com o objetivo de responder \u00e0s exig\u00eancias espec\u00edficas de cada mercado.<\/p><p>Na Fapor, procuramos garantir consist\u00eancia, fiabilidade e rigor em tudo o que fazemos, mantendo um compromisso s\u00f3lido com os nossos parceiros e com a qualidade do produto final.<\/p>\t\t\t\t\t\t\t\t<\/div>\n\t\t\t\t<\/div>\n\t\t<div class=\"elementor-element elementor-element-d95f43e e-con-full e-flex e-con e-child\" data-id=\"d95f43e\" data-element_type=\"container\" data-e-type=\"container\">\n\t\t\t\t<div class=\"elementor-element elementor-element-78c1eec elementor-widget elementor-widget-image\" data-id=\"78c1eec\" data-element_type=\"widget\" data-e-type=\"widget\" data-widget_type=\"image.default\">\n\t\t\t\t\t\t\t\t\t\t\t\t\t\t\t<img fetchpriority=\"high\" decoding=\"async\" width=\"650\" height=\"320\" src=\"https:\/\/fapor.slideshow.com.pt\/wp-content\/uploads\/2026\/03\/map-2-650x320-2.png\" class=\"attachment-full size-full wp-image-8922\" alt=\"\" srcset=\"https:\/\/fapor.slideshow.com.pt\/wp-content\/uploads\/2026\/03\/map-2-650x320-2.png 650w, https:\/\/fapor.slideshow.com.pt\/wp-content\/uploads\/2026\/03\/map-2-650x320-2-300x148.png 300w, https:\/\/fapor.slideshow.com.pt\/wp-content\/uploads\/2026\/03\/map-2-650x320-2-600x295.png 600w\" sizes=\"(max-width: 650px) 100vw, 650px\" \/>\t\t\t\t\t\t\t\t\t\t\t\t\t\t\t<\/div>\n\t\t\t\t<\/div>\n\t\t\t\t\t<\/div>\n\t\t\t\t<\/div>\n\t\t<div class=\"elementor-element elementor-element-23a3241 e-flex e-con-boxed e-con e-parent\" data-id=\"23a3241\" data-element_type=\"container\" data-e-type=\"container\">\n\t\t\t\t\t<div class=\"e-con-inner\">\n\t\t\t\t<div class=\"elementor-element elementor-element-e8ed7fd elementor-widget elementor-widget-stonemade_core_section_title\" data-id=\"e8ed7fd\" data-element_type=\"widget\" data-e-type=\"widget\" data-widget_type=\"stonemade_core_section_title.default\">\n\t\t\t\t<div class=\"elementor-widget-container\">\n\t\t\t\t\t<div class=\"qodef-shortcode qodef-m qodef-section-title qodef-alignment--center\">\n\t\t<h2 class=\"qodef-m-title\" style=\"color: #2F2B86\">\n\tAS NOSSAS MARCAS\t\t<\/h2>\n\t\t<\/div>\n\t\t\t\t<\/div>\n\t\t\t\t<\/div>\n\t\t\t\t\t<\/div>\n\t\t\t\t<\/div>\n\t\t<div class=\"elementor-element elementor-element-53d8a28 e-con-full e-grid e-con e-parent\" data-id=\"53d8a28\" data-element_type=\"container\" data-e-type=\"container\">\n\t\t\t\t<div class=\"elementor-element elementor-element-63db0cb elementor-widget elementor-widget-stonemade_core_image_with_text\" data-id=\"63db0cb\" data-element_type=\"widget\" data-e-type=\"widget\" data-widget_type=\"stonemade_core_image_with_text.default\">\n\t\t\t\t<div class=\"elementor-widget-container\">\n\t\t\t\t\t<div class=\"qodef-shortcode qodef-m qodef-image-with-text qodef-layout--text-below qodef-image-action--custom-link qodef-alignment--center\">\n\t<div class=\"qodef-m-image-inner-holder\">\n\t\t<div class=\"qodef-m-image\">\n\t\t\t\t\t<a itemprop=\"url\" href=\"https:\/\/fapor.slideshow.com.pt\/index.php\/fapor-faiancas\/\" target=\"_self\">\n\t\t\t\t\t<img decoding=\"async\" width=\"166\" height=\"83\" src=\"https:\/\/fapor.slideshow.com.pt\/wp-content\/uploads\/2026\/03\/logo-fapor-02-166x83-1.png\" class=\"attachment-full size-full\" alt=\"\" \/>\t\t\t\t\t<\/a>\n\t\t\t<\/div>\n<\/div>\n\t<div class=\"qodef-m-content\">\n\t\t\t\t\t<p class=\"qodef-m-text\" style=\"color: #54595F\">Com mais de 30 anos de know-how, a Fapor destaca-se no sector da cer\u00e2mica pela produ\u00e7\u00e3o de pe\u00e7as utilit\u00e1rias em faian\u00e7a. A plasticidade desta mat\u00e9ria-prima permite a cria\u00e7\u00e3o de uma grande variedade de decora\u00e7\u00f5es, texturas e formatos.<\/p>\n\t<\/div>\n<\/div>\n\t\t\t\t<\/div>\n\t\t\t\t<\/div>\n\t\t\t\t<div class=\"elementor-element elementor-element-cb58386 elementor-widget elementor-widget-stonemade_core_image_with_text\" data-id=\"cb58386\" data-element_type=\"widget\" data-e-type=\"widget\" data-widget_type=\"stonemade_core_image_with_text.default\">\n\t\t\t\t<div class=\"elementor-widget-container\">\n\t\t\t\t\t<div class=\"qodef-shortcode qodef-m qodef-image-with-text qodef-layout--text-below qodef-image-action--custom-link qodef-alignment--center\">\n\t<div class=\"qodef-m-image-inner-holder\">\n\t\t<div class=\"qodef-m-image\">\n\t\t\t\t\t<a itemprop=\"url\" href=\"https:\/\/fapor.slideshow.com.pt\/index.php\/fapor-stoneware\/\" target=\"_self\">\n\t\t\t\t\t<img decoding=\"async\" width=\"150\" height=\"79\" src=\"https:\/\/fapor.slideshow.com.pt\/wp-content\/uploads\/2026\/03\/logo_stonewarex250i-150x79-1.png\" class=\"attachment-full size-full\" alt=\"\" \/>\t\t\t\t\t<\/a>\n\t\t\t<\/div>\n<\/div>\n\t<div class=\"qodef-m-content\">\n\t\t\t\t\t<p class=\"qodef-m-text\" style=\"color: #54595F\">A Fapor Stoneware cria produtos em gr\u00e9s de alta qualidade. Todas as nossas pe\u00e7as t\u00eam origem na composi\u00e7\u00e3o de uma pasta pr\u00f3pria de dureza e densidade muito elevada e imperme\u00e1vel. A elevada resist\u00eancia ao choque t\u00e9rmico e superf\u00edcie vitrificada permitem um uso di\u00e1rio, perfeito para a restaura\u00e7\u00e3o.<\/p>\n\t<\/div>\n<\/div>\n\t\t\t\t<\/div>\n\t\t\t\t<\/div>\n\t\t\t\t<div class=\"elementor-element elementor-element-7f6178f elementor-widget elementor-widget-stonemade_core_image_with_text\" data-id=\"7f6178f\" data-element_type=\"widget\" data-e-type=\"widget\" data-widget_type=\"stonemade_core_image_with_text.default\">\n\t\t\t\t<div class=\"elementor-widget-container\">\n\t\t\t\t\t<div class=\"qodef-shortcode qodef-m qodef-image-with-text qodef-layout--text-below qodef-image-action--custom-link qodef-alignment--center\">\n\t<div class=\"qodef-m-image-inner-holder\">\n\t\t<div class=\"qodef-m-image\">\n\t\t\t\t\t<a itemprop=\"url\" href=\"https:\/\/fapor.slideshow.com.pt\/index.php\/fapor-redclay\/\" target=\"_self\">\n\t\t\t\t\t<img loading=\"lazy\" decoding=\"async\" width=\"150\" height=\"79\" src=\"https:\/\/fapor.slideshow.com.pt\/wp-content\/uploads\/2026\/03\/logo_redclayx250-150x79-1.png\" class=\"attachment-full size-full\" alt=\"\" \/>\t\t\t\t\t<\/a>\n\t\t\t<\/div>\n<\/div>\n\t<div class=\"qodef-m-content\">\n\t\t\t\t\t<p class=\"qodef-m-text\" style=\"color: #54595F\">A FaporRedClay dedica-se \u00e0 produ\u00e7\u00e3o de pe\u00e7as cer\u00e2micas utilit\u00e1rias em barro vermelho. Com a particularidade de apresentar uma cor natural laranja acastanhada, a nossa pasta tem caracter\u00edsticas qualitativas id\u00eanticas ao gr\u00e9s, fazendo desta uma mat\u00e9ria ideal para linhas de mesa e forno.<\/p>\n\t<\/div>\n<\/div>\n\t\t\t\t<\/div>\n\t\t\t\t<\/div>\n\t\t\t\t<div class=\"elementor-element elementor-element-f2e171a elementor-widget elementor-widget-stonemade_core_image_with_text\" data-id=\"f2e171a\" data-element_type=\"widget\" data-e-type=\"widget\" data-widget_type=\"stonemade_core_image_with_text.default\">\n\t\t\t\t<div class=\"elementor-widget-container\">\n\t\t\t\t\t<div class=\"qodef-shortcode qodef-m qodef-image-with-text qodef-layout--text-below qodef-image-action--custom-link qodef-alignment--center\">\n\t<div class=\"qodef-m-image-inner-holder\">\n\t\t<div class=\"qodef-m-image\">\n\t\t\t\t\t<a itemprop=\"url\" href=\"https:\/\/fapor.slideshow.com.pt\/index.php\/fapor-oven-safe\/\" target=\"_self\">\n\t\t\t\t\t<img loading=\"lazy\" decoding=\"async\" width=\"150\" height=\"79\" src=\"https:\/\/fapor.slideshow.com.pt\/wp-content\/uploads\/2026\/03\/logo_oversafex250i-150x79-1.png\" class=\"attachment-full size-full\" alt=\"\" \/>\t\t\t\t\t<\/a>\n\t\t\t<\/div>\n<\/div>\n\t<div class=\"qodef-m-content\">\n\t\t\t\t\t<p class=\"qodef-m-text\" style=\"color: #54595F\">A Fapor Oven Safe especializado em pe\u00e7as em gr\u00e9s de alta qualidade, fazendo desta uma mat\u00e9ria ideal para linha de forno.<\/p>\n\t<\/div>\n<\/div>\n\t\t\t\t<\/div>\n\t\t\t\t<\/div>\n\t\t\t\t<\/div>\n\t\t<div class=\"elementor-element elementor-element-03593e8 e-flex e-con-boxed e-con e-parent\" data-id=\"03593e8\" data-element_type=\"container\" data-e-type=\"container\">\n\t\t\t\t\t<div class=\"e-con-inner\">\n\t\t<div class=\"elementor-element elementor-element-3617340 e-con-full e-flex e-con e-child\" data-id=\"3617340\" data-element_type=\"container\" data-e-type=\"container\">\n\t\t\t\t<div class=\"elementor-element elementor-element-3460080 elementor-widget__width-inherit elementor-widget elementor-widget-stonemade_core_section_title\" data-id=\"3460080\" data-element_type=\"widget\" data-e-type=\"widget\" data-widget_type=\"stonemade_core_section_title.default\">\n\t\t\t\t<div class=\"elementor-widget-container\">\n\t\t\t\t\t<div class=\"qodef-shortcode qodef-m qodef-section-title qodef-alignment--center\">\n\t\t<h2 class=\"qodef-m-title\" style=\"color: #2F2B86\">\n\tSATISFA\u00c7\u00c3O DO CLIENTE\t\t<\/h2>\n\t\t<\/div>\n\t\t\t\t<\/div>\n\t\t\t\t<\/div>\n\t\t\t\t<div class=\"elementor-element elementor-element-5f6dd0e elementor-widget__width-initial elementor-widget elementor-widget-text-editor\" data-id=\"5f6dd0e\" data-element_type=\"widget\" data-e-type=\"widget\" data-widget_type=\"text-editor.default\">\n\t\t\t\t\t\t\t\t\t<p>Fazemos quest\u00e3o de cumprir os compromissos assumidos com os nossos clientes. Os prazos s\u00e3o para cumprir e a qualidade para manter.<br \/>As nossas pastas e vidros s\u00e3o criteriosamente seleccionados para que o produto final seja do agrado do cliente. A nossa escolha \u00e9 exigente e s\u00f3 s\u00e3o aprovados produtos com o mais alto grau de qualidade.<\/p>\t\t\t\t\t\t\t\t<\/div>\n\t\t\t\t<\/div>\n\t\t\t\t\t<\/div>\n\t\t\t\t<\/div>\n\t\t<div class=\"elementor-element elementor-element-34cdb56 e-con-full e-flex e-con e-parent\" data-id=\"34cdb56\" data-element_type=\"container\" data-e-type=\"container\" data-settings=\"{&quot;background_background&quot;:&quot;classic&quot;}\">\n\t\t\t\t<div class=\"elementor-element elementor-element-86e3489 elementor-widget elementor-widget-qi_addons_for_elementor_counter\" data-id=\"86e3489\" data-element_type=\"widget\" data-e-type=\"widget\" data-widget_type=\"qi_addons_for_elementor_counter.default\">\n\t\t\t\t<div class=\"elementor-widget-container\">\n\t\t\t\t\t<div class=\"qodef-shortcode qodef-m qodef-qi-counter qodef-layout--simple\" data-end-digit=\"50\">\n\t<div class=\"qodef-m-digit-wrapper\">\n\t\t<div class=\"qodef-m-digit\"><\/div>\n\t<\/div>\n\t\t<div class=\"qodef-m-content\">\n\t\t\t<h5 class=\"qodef-m-title\">\n\t\tCLIENTES\t<\/h5>\n\t\t\t<\/div>\n<\/div>\n\t\t\t\t<\/div>\n\t\t\t\t<\/div>\n\t\t\t\t<div class=\"elementor-element elementor-element-c78a121 elementor-widget elementor-widget-qi_addons_for_elementor_counter\" data-id=\"c78a121\" data-element_type=\"widget\" data-e-type=\"widget\" data-widget_type=\"qi_addons_for_elementor_counter.default\">\n\t\t\t\t<div class=\"elementor-widget-container\">\n\t\t\t\t\t<div class=\"qodef-shortcode qodef-m qodef-qi-counter qodef-layout--simple\" data-end-digit=\"120\">\n\t<div class=\"qodef-m-digit-wrapper\">\n\t\t<div class=\"qodef-m-digit\"><\/div>\n\t<\/div>\n\t\t<div class=\"qodef-m-content\">\n\t\t\t<h5 class=\"qodef-m-title\">\n\t\tPROJETOS FINALIZADOS ANO\t<\/h5>\n\t\t\t<\/div>\n<\/div>\n\t\t\t\t<\/div>\n\t\t\t\t<\/div>\n\t\t\t\t<div class=\"elementor-element elementor-element-60e0bd9 elementor-widget elementor-widget-qi_addons_for_elementor_counter\" data-id=\"60e0bd9\" data-element_type=\"widget\" data-e-type=\"widget\" data-widget_type=\"qi_addons_for_elementor_counter.default\">\n\t\t\t\t<div class=\"elementor-widget-container\">\n\t\t\t\t\t<div class=\"qodef-shortcode qodef-m qodef-qi-counter qodef-layout--simple\" data-end-digit=\"180\">\n\t<div class=\"qodef-m-digit-wrapper\">\n\t\t<div class=\"qodef-m-digit\"><\/div>\n\t<\/div>\n\t\t<div class=\"qodef-m-content\">\n\t\t\t<h5 class=\"qodef-m-title\">\n\t\tCOLABORADORES\t<\/h5>\n\t\t\t<\/div>\n<\/div>\n\t\t\t\t<\/div>\n\t\t\t\t<\/div>\n\t\t\t\t<div class=\"elementor-element elementor-element-2089a83 elementor-widget elementor-widget-qi_addons_for_elementor_counter\" data-id=\"2089a83\" data-element_type=\"widget\" data-e-type=\"widget\" data-widget_type=\"qi_addons_for_elementor_counter.default\">\n\t\t\t\t<div class=\"elementor-widget-container\">\n\t\t\t\t\t<div class=\"qodef-shortcode qodef-m qodef-qi-counter qodef-layout--simple\" data-end-digit=\"3\">\n\t<div class=\"qodef-m-digit-wrapper\">\n\t\t<div class=\"qodef-m-digit\"><\/div>\n\t<\/div>\n\t\t<div class=\"qodef-m-content\">\n\t\t\t<h5 class=\"qodef-m-title\">\n\t\tUNIDADES FABRIS\t<\/h5>\n\t\t\t<\/div>\n<\/div>\n\t\t\t\t<\/div>\n\t\t\t\t<\/div>\n\t\t\t\t<\/div>\n\t\t<div class=\"elementor-element elementor-element-044e6ba e-flex e-con-boxed e-con e-parent\" data-id=\"044e6ba\" data-element_type=\"container\" data-e-type=\"container\">\n\t\t\t\t\t<div class=\"e-con-inner\">\n\t\t<div class=\"elementor-element elementor-element-15dac7e e-con-full e-flex e-con e-child\" data-id=\"15dac7e\" data-element_type=\"container\" data-e-type=\"container\">\n\t\t\t\t<div class=\"elementor-element elementor-element-b364574 elementor-widget__width-inherit elementor-widget elementor-widget-stonemade_core_section_title\" data-id=\"b364574\" data-element_type=\"widget\" data-e-type=\"widget\" data-widget_type=\"stonemade_core_section_title.default\">\n\t\t\t\t<div class=\"elementor-widget-container\">\n\t\t\t\t\t<div class=\"qodef-shortcode qodef-m qodef-section-title qodef-alignment--center\">\n\t\t<h2 class=\"qodef-m-title\" style=\"color: #2F2B86\">\n\tO PRODUTO\t\t<\/h2>\n\t\t<\/div>\n\t\t\t\t<\/div>\n\t\t\t\t<\/div>\n\t\t\t\t<div class=\"elementor-element elementor-element-0f38e01 elementor-widget__width-initial elementor-widget elementor-widget-text-editor\" data-id=\"0f38e01\" data-element_type=\"widget\" data-e-type=\"widget\" data-widget_type=\"text-editor.default\">\n\t\t\t\t\t\t\t\t\t<p>A Fapor tem um grande orgulho no seu trabalho, desde a ideia inicial at\u00e9 ao produto final.<br \/>Estamos especialmente orgulhosos das nossas pe\u00e7as de grande dimens\u00e3o, cuja elevada complexidade de fabrico faz com que a Fapor se destaque nesse segmento<\/p>\t\t\t\t\t\t\t\t<\/div>\n\t\t\t\t<\/div>\n\t\t\t\t\t<\/div>\n\t\t\t\t<\/div>\n\t\t<div class=\"elementor-element elementor-element-fd37342 e-con-full e-flex e-con e-parent\" data-id=\"fd37342\" data-element_type=\"container\" data-e-type=\"container\">\n\t\t\t\t<div class=\"elementor-element elementor-element-d4d8eec elementor-widget__width-initial elementor-widget elementor-widget-stonemade_core_image_gallery\" data-id=\"d4d8eec\" data-element_type=\"widget\" data-e-type=\"widget\" data-widget_type=\"stonemade_core_image_gallery.default\">\n\t\t\t\t<div class=\"elementor-widget-container\">\n\t\t\t\t\t<div class=\"qodef-shortcode qodef-m qodef-image-gallery qodef--hover qodef-grid qodef-swiper-container qodef-gutter--normal qodef-col-num--3 qodef-responsive--predefined qodef-swiper--show-pagination\"  data-options=\"{&quot;spaceBetween&quot;:30,&quot;slidesPerView&quot;:&quot;3&quot;,&quot;loop&quot;:true,&quot;autoplay&quot;:true,&quot;speed&quot;:&quot;&quot;,&quot;speedAnimation&quot;:&quot;&quot;,&quot;slideAnimation&quot;:&quot;&quot;,&quot;direction&quot;:&quot;&quot;,&quot;centeredSlides&quot;:&quot;&quot;,&quot;sliderScroll&quot;:&quot;&quot;,&quot;loopedSlides&quot;:&quot;&quot;,&quot;hiddenSlides&quot;:&quot;&quot;}\">\n\t<div class=\"swiper-wrapper\">\n\t\t<div class=\"qodef-e qodef-image-wrapper swiper-slide \">\n\t\t\t<img loading=\"lazy\" decoding=\"async\" width=\"600\" height=\"600\" src=\"https:\/\/fapor.slideshow.com.pt\/wp-content\/uploads\/2026\/03\/7-Scratch-1-600x600-1.jpg\" class=\"attachment-full size-full\" alt=\"\" srcset=\"https:\/\/fapor.slideshow.com.pt\/wp-content\/uploads\/2026\/03\/7-Scratch-1-600x600-1.jpg 600w, https:\/\/fapor.slideshow.com.pt\/wp-content\/uploads\/2026\/03\/7-Scratch-1-600x600-1-300x300.jpg 300w, https:\/\/fapor.slideshow.com.pt\/wp-content\/uploads\/2026\/03\/7-Scratch-1-600x600-1-150x150.jpg 150w, https:\/\/fapor.slideshow.com.pt\/wp-content\/uploads\/2026\/03\/7-Scratch-1-600x600-1-100x100.jpg 100w\" sizes=\"(max-width: 600px) 100vw, 600px\" \/>\t<\/div>\n<div class=\"qodef-e qodef-image-wrapper swiper-slide \">\n\t\t\t<img loading=\"lazy\" decoding=\"async\" width=\"600\" height=\"600\" src=\"https:\/\/fapor.slideshow.com.pt\/wp-content\/uploads\/2026\/03\/unveiled-azul_conjunto-1-600x600-1.jpg\" class=\"attachment-full size-full\" alt=\"\" srcset=\"https:\/\/fapor.slideshow.com.pt\/wp-content\/uploads\/2026\/03\/unveiled-azul_conjunto-1-600x600-1.jpg 600w, https:\/\/fapor.slideshow.com.pt\/wp-content\/uploads\/2026\/03\/unveiled-azul_conjunto-1-600x600-1-300x300.jpg 300w, https:\/\/fapor.slideshow.com.pt\/wp-content\/uploads\/2026\/03\/unveiled-azul_conjunto-1-600x600-1-150x150.jpg 150w, https:\/\/fapor.slideshow.com.pt\/wp-content\/uploads\/2026\/03\/unveiled-azul_conjunto-1-600x600-1-100x100.jpg 100w\" sizes=\"(max-width: 600px) 100vw, 600px\" \/>\t<\/div>\n<div class=\"qodef-e qodef-image-wrapper swiper-slide \">\n\t\t\t<img loading=\"lazy\" decoding=\"async\" width=\"600\" height=\"600\" src=\"https:\/\/fapor.slideshow.com.pt\/wp-content\/uploads\/2026\/03\/rock_miniatura-1-600x600-1.jpg\" class=\"attachment-full size-full\" alt=\"\" srcset=\"https:\/\/fapor.slideshow.com.pt\/wp-content\/uploads\/2026\/03\/rock_miniatura-1-600x600-1.jpg 600w, https:\/\/fapor.slideshow.com.pt\/wp-content\/uploads\/2026\/03\/rock_miniatura-1-600x600-1-300x300.jpg 300w, https:\/\/fapor.slideshow.com.pt\/wp-content\/uploads\/2026\/03\/rock_miniatura-1-600x600-1-150x150.jpg 150w, https:\/\/fapor.slideshow.com.pt\/wp-content\/uploads\/2026\/03\/rock_miniatura-1-600x600-1-100x100.jpg 100w\" sizes=\"(max-width: 600px) 100vw, 600px\" \/>\t<\/div>\n<div class=\"qodef-e qodef-image-wrapper swiper-slide \">\n\t\t\t<img loading=\"lazy\" decoding=\"async\" width=\"600\" height=\"600\" src=\"https:\/\/fapor.slideshow.com.pt\/wp-content\/uploads\/2026\/03\/seamless-miniatura-1-600x600-1.jpg\" class=\"attachment-full size-full\" alt=\"\" srcset=\"https:\/\/fapor.slideshow.com.pt\/wp-content\/uploads\/2026\/03\/seamless-miniatura-1-600x600-1.jpg 600w, https:\/\/fapor.slideshow.com.pt\/wp-content\/uploads\/2026\/03\/seamless-miniatura-1-600x600-1-300x300.jpg 300w, https:\/\/fapor.slideshow.com.pt\/wp-content\/uploads\/2026\/03\/seamless-miniatura-1-600x600-1-150x150.jpg 150w, https:\/\/fapor.slideshow.com.pt\/wp-content\/uploads\/2026\/03\/seamless-miniatura-1-600x600-1-100x100.jpg 100w\" sizes=\"(max-width: 600px) 100vw, 600px\" \/>\t<\/div>\n<div class=\"qodef-e qodef-image-wrapper swiper-slide \">\n\t\t\t<img loading=\"lazy\" decoding=\"async\" width=\"300\" height=\"300\" src=\"https:\/\/fapor.slideshow.com.pt\/wp-content\/uploads\/2026\/03\/Duo_banner-300x300-1.jpg\" class=\"attachment-full size-full\" alt=\"\" srcset=\"https:\/\/fapor.slideshow.com.pt\/wp-content\/uploads\/2026\/03\/Duo_banner-300x300-1.jpg 300w, https:\/\/fapor.slideshow.com.pt\/wp-content\/uploads\/2026\/03\/Duo_banner-300x300-1-150x150.jpg 150w, https:\/\/fapor.slideshow.com.pt\/wp-content\/uploads\/2026\/03\/Duo_banner-300x300-1-100x100.jpg 100w\" sizes=\"(max-width: 300px) 100vw, 300px\" \/>\t<\/div>\n<div class=\"qodef-e qodef-image-wrapper swiper-slide \">\n\t\t\t<img loading=\"lazy\" decoding=\"async\" width=\"1722\" height=\"1722\" src=\"https:\/\/fapor.slideshow.com.pt\/wp-content\/uploads\/2026\/03\/snow_miniatura-1.jpg\" class=\"attachment-full size-full\" alt=\"\" srcset=\"https:\/\/fapor.slideshow.com.pt\/wp-content\/uploads\/2026\/03\/snow_miniatura-1.jpg 1722w, https:\/\/fapor.slideshow.com.pt\/wp-content\/uploads\/2026\/03\/snow_miniatura-1-300x300.jpg 300w, https:\/\/fapor.slideshow.com.pt\/wp-content\/uploads\/2026\/03\/snow_miniatura-1-1024x1024.jpg 1024w, https:\/\/fapor.slideshow.com.pt\/wp-content\/uploads\/2026\/03\/snow_miniatura-1-150x150.jpg 150w, https:\/\/fapor.slideshow.com.pt\/wp-content\/uploads\/2026\/03\/snow_miniatura-1-768x768.jpg 768w, https:\/\/fapor.slideshow.com.pt\/wp-content\/uploads\/2026\/03\/snow_miniatura-1-1536x1536.jpg 1536w, https:\/\/fapor.slideshow.com.pt\/wp-content\/uploads\/2026\/03\/snow_miniatura-1-650x650.jpg 650w, https:\/\/fapor.slideshow.com.pt\/wp-content\/uploads\/2026\/03\/snow_miniatura-1-1300x1300.jpg 1300w, https:\/\/fapor.slideshow.com.pt\/wp-content\/uploads\/2026\/03\/snow_miniatura-1-600x600.jpg 600w, https:\/\/fapor.slideshow.com.pt\/wp-content\/uploads\/2026\/03\/snow_miniatura-1-100x100.jpg 100w\" sizes=\"(max-width: 1722px) 100vw, 1722px\" \/>\t<\/div>\n<div class=\"qodef-e qodef-image-wrapper swiper-slide \">\n\t\t\t<img loading=\"lazy\" decoding=\"async\" width=\"300\" height=\"300\" src=\"https:\/\/fapor.slideshow.com.pt\/wp-content\/uploads\/2026\/03\/Contours_banner-300x300-2.jpg\" class=\"attachment-full size-full\" alt=\"\" srcset=\"https:\/\/fapor.slideshow.com.pt\/wp-content\/uploads\/2026\/03\/Contours_banner-300x300-2.jpg 300w, https:\/\/fapor.slideshow.com.pt\/wp-content\/uploads\/2026\/03\/Contours_banner-300x300-2-150x150.jpg 150w, https:\/\/fapor.slideshow.com.pt\/wp-content\/uploads\/2026\/03\/Contours_banner-300x300-2-100x100.jpg 100w\" sizes=\"(max-width: 300px) 100vw, 300px\" \/>\t<\/div>\n<div class=\"qodef-e qodef-image-wrapper swiper-slide \">\n\t\t\t<img loading=\"lazy\" decoding=\"async\" width=\"600\" height=\"600\" src=\"https:\/\/fapor.slideshow.com.pt\/wp-content\/uploads\/2026\/03\/Deeprise_miniatura-1-600x600-1.jpg\" class=\"attachment-full size-full\" alt=\"\" srcset=\"https:\/\/fapor.slideshow.com.pt\/wp-content\/uploads\/2026\/03\/Deeprise_miniatura-1-600x600-1.jpg 600w, https:\/\/fapor.slideshow.com.pt\/wp-content\/uploads\/2026\/03\/Deeprise_miniatura-1-600x600-1-300x300.jpg 300w, https:\/\/fapor.slideshow.com.pt\/wp-content\/uploads\/2026\/03\/Deeprise_miniatura-1-600x600-1-150x150.jpg 150w, https:\/\/fapor.slideshow.com.pt\/wp-content\/uploads\/2026\/03\/Deeprise_miniatura-1-600x600-1-100x100.jpg 100w\" sizes=\"(max-width: 600px) 100vw, 600px\" \/>\t<\/div>\n\t<\/div>\n\t\t<div class=\"swiper-button-prev \"><svg class=\"qodef-svg--slider-arrow-left\" xmlns=\"http:\/\/www.w3.org\/2000\/svg\" width=\"34\" height=\"18\"\n     viewBox=\"0 0 34 18\"><path d=\"M8.2,17.6c0,0.2,0.2,0.4,0.4,0.4S9,17.8,9,17.6l0,0c-0.1-3.7-4-6.7-7.9-8.6C0.8,9.1,0.5,9.3,0.2,9.4C4,11.3,8.1,14.1,8.2,17.6z\"\/><path d=\"M9,0.4C9,0.2,8.8,0,8.6,0S8.2,0.2,8.2,0.4C8.1,3.9,4,6.7,0.2,8.6c0.3,0.1,0.6,0.3,0.9,0.4C4.9,7.1,8.9,4.1,9,0.4z\"\/><path d=\"M34,8.9c0-0.2-0.2-0.4-0.4-0.4l0,0H0.4C0.2,8.5,0,8.7,0,8.9l0,0l0,0c0,0.2,0.2,0.4,0.4,0.4h33.2C33.8,9.4,34,9.3,34,8.9L34,8.9L34,8.9z\"\/><\/svg><\/div>\n\t<div class=\"swiper-button-next \"><svg class=\"qodef-svg--slider-arrow-right\" xmlns=\"http:\/\/www.w3.org\/2000\/svg\" width=\"34\" height=\"18\"\n     viewBox=\"0 0 34 18\"><path d=\"M25.8,17.6c0,0.2-0.2,0.4-0.4,0.4S25,17.8,25,17.6l0,0c0.1-3.7,4-6.7,7.9-8.6c0.3,0.1,0.6,0.3,0.9,0.4C30,11.3,25.9,14.1,25.8,17.6z\"\/><path d=\"M25,0.4C25,0.2,25.2,0,25.4,0s0.4,0.2,0.4,0.4c0.1,3.5,4.1,6.3,8,8.2c-0.3,0.1-0.6,0.3-0.9,0.4C29.1,7.1,25.1,4.1,25,0.4z\"\/><path d=\"M0,8.9c0-0.2,0.2-0.4,0.4-0.4l0,0h33.2c0.2,0,0.4,0.2,0.4,0.4l0,0l0,0c0,0.2-0.2,0.4-0.4,0.4H0.4C0.2,9.4,0,9.3,0,8.9L0,8.9L0,8.9z\"\/><\/svg><\/div>\n\t\t<div class=\"swiper-pagination\"><\/div>\n<\/div>\n\t\t\t\t<\/div>\n\t\t\t\t<\/div>\n\t\t\t\t<\/div>\n\t\t\t\t<\/div>\n\t\t","protected":false},"excerpt":{"rendered":"<p>Fundada em 1986, na zona industrial da Jardoeira, na Batalha, no centro de Portugal, a Fapor \u00e9 uma empresa portuguesa dedicada \u00e0 produ\u00e7\u00e3o e comercializa\u00e7\u00e3o de loi\u00e7a utilit\u00e1ria em faian\u00e7a, barro vermelho e gr\u00e9s. Ao longo de quatro d\u00e9cadas, temos vindo a consolidar um percurso assente na combina\u00e7\u00e3o entre a experi\u00eancia artesanal e a evolu\u00e7\u00e3o [&hellip;]<\/p>\n","protected":false},"author":1,"featured_media":0,"parent":0,"menu_order":0,"comment_status":"closed","ping_status":"closed","template":"","meta":{"footnotes":""},"class_list":["post-8774","page","type-page","status-publish","hentry"],"_links":{"self":[{"href":"https:\/\/fapor.slideshow.com.pt\/index.php\/wp-json\/wp\/v2\/pages\/8774","targetHints":{"allow":["GET"]}}],"collection":[{"href":"https:\/\/fapor.slideshow.com.pt\/index.php\/wp-json\/wp\/v2\/pages"}],"about":[{"href":"https:\/\/fapor.slideshow.com.pt\/index.php\/wp-json\/wp\/v2\/types\/page"}],"author":[{"embeddable":true,"href":"https:\/\/fapor.slideshow.com.pt\/index.php\/wp-json\/wp\/v2\/users\/1"}],"replies":[{"embeddable":true,"href":"https:\/\/fapor.slideshow.com.pt\/index.php\/wp-json\/wp\/v2\/comments?post=8774"}],"version-history":[{"count":61,"href":"https:\/\/fapor.slideshow.com.pt\/index.php\/wp-json\/wp\/v2\/pages\/8774\/revisions"}],"predecessor-version":[{"id":9513,"href":"https:\/\/fapor.slideshow.com.pt\/index.php\/wp-json\/wp\/v2\/pages\/8774\/revisions\/9513"}],"wp:attachment":[{"href":"https:\/\/fapor.slideshow.com.pt\/index.php\/wp-json\/wp\/v2\/media?parent=8774"}],"curies":[{"name":"wp","href":"https:\/\/api.w.org\/{rel}","templated":true}]}}