{"id":9052,"date":"2026-03-08T06:47:23","date_gmt":"2026-03-08T06:47:23","guid":{"rendered":"https:\/\/fapor.slideshow.com.pt\/?post_type=product&#038;p=9052"},"modified":"2026-03-08T06:48:53","modified_gmt":"2026-03-08T06:48:53","slug":"delicate","status":"publish","type":"product","link":"https:\/\/fapor.slideshow.com.pt\/index.php\/product\/delicate\/","title":{"rendered":"DELICATE"},"content":{"rendered":"<h3 style=\"text-align:center;\"><strong>COLE\u00c7\u00c3O<\/strong><\/h3>\n<div style=\"display:flex; flex-wrap:wrap; gap:20px; justify-content:center;\">\n<p><!-- Prato Raso 28cm --><\/p>\n<div style=\"text-align:center;\">\n<a href=\"https:\/\/fapor.slideshow.com.pt\/wp-content\/uploads\/2026\/03\/prato-raso-28cm.jpg\" class=\"foobox\"><br \/>\n<img decoding=\"async\" src=\"https:\/\/fapor.slideshow.com.pt\/wp-content\/uploads\/2026\/03\/prato-raso-28cm-300x200.jpg\" width=\"300\"><br \/>\n<\/a><\/p>\n<p>Prato Raso 28cm<\/p>\n<\/div>\n<p><!-- Pires 17cm --><\/p>\n<div style=\"text-align:center;\">\n<a href=\"https:\/\/fapor.slideshow.com.pt\/wp-content\/uploads\/2026\/03\/pires-17cm.jpg\" class=\"foobox\"><br \/>\n<img decoding=\"async\" src=\"https:\/\/fapor.slideshow.com.pt\/wp-content\/uploads\/2026\/03\/pires-17cm-300x200.jpg\" width=\"300\"><br \/>\n<\/a><\/p>\n<p>Pires 17cm<\/p>\n<\/div>\n<p><!-- Ch\u00e1vena --><\/p>\n<div style=\"text-align:center;\">\n<a href=\"https:\/\/fapor.slideshow.com.pt\/wp-content\/uploads\/2026\/03\/chavena.jpg\" class=\"foobox\"><br \/>\n<img decoding=\"async\" src=\"https:\/\/fapor.slideshow.com.pt\/wp-content\/uploads\/2026\/03\/chavena-300x200.jpg\" width=\"300\"><br \/>\n<\/a><\/p>\n<p>Ch\u00e1vena<\/p>\n<\/div>\n<p><!-- Caneca --><\/p>\n<div style=\"text-align:center;\">\n<a href=\"https:\/\/fapor.slideshow.com.pt\/wp-content\/uploads\/2026\/03\/caneca-2.jpg\" class=\"foobox\"><br \/>\n<img decoding=\"async\" src=\"https:\/\/fapor.slideshow.com.pt\/wp-content\/uploads\/2026\/03\/caneca-2-300x200.jpg\" width=\"300\"><br \/>\n<\/a><\/p>\n<p>Caneca<\/p>\n<\/div>\n<p><!-- Travessa Retangular 40cm --><\/p>\n<div style=\"text-align:center;\">\n<a href=\"https:\/\/fapor.slideshow.com.pt\/wp-content\/uploads\/2026\/03\/travessa-retangular-40cm.jpg\" class=\"foobox\"><br \/>\n<img decoding=\"async\" src=\"https:\/\/fapor.slideshow.com.pt\/wp-content\/uploads\/2026\/03\/travessa-retangular-40cm-300x200.jpg\" width=\"300\"><br \/>\n<\/a><\/p>\n<p>Travessa Retangular 40cm<\/p>\n<\/div>\n<p><!-- Ta\u00e7a Cereal 145cm --><\/p>\n<div style=\"text-align:center;\">\n<a href=\"https:\/\/fapor.slideshow.com.pt\/wp-content\/uploads\/2026\/03\/taca-cereal-145cm.jpg\" class=\"foobox\"><br \/>\n<img decoding=\"async\" src=\"https:\/\/fapor.slideshow.com.pt\/wp-content\/uploads\/2026\/03\/taca-cereal-145cm-300x200.jpg\" width=\"300\"><br \/>\n<\/a><\/p>\n<p>Ta\u00e7a Cereal 145cm<\/p>\n<\/div>\n<p><!-- Prato Salada 21cm --><\/p>\n<div style=\"text-align:center;\">\n<a href=\"https:\/\/fapor.slideshow.com.pt\/wp-content\/uploads\/2026\/03\/prato-salada-21cm-1.jpg\" class=\"foobox\"><br \/>\n<img decoding=\"async\" src=\"https:\/\/fapor.slideshow.com.pt\/wp-content\/uploads\/2026\/03\/prato-salada-21cm-1-300x200.jpg\" width=\"300\"><br \/>\n<\/a><\/p>\n<p>Prato Salada 21cm<\/p>\n<\/div>\n<\/div>\n","protected":false},"excerpt":{"rendered":"<p>Delicate \u00e9 uma colec\u00e7\u00e3o sofisticada que se define por uma linha simples que confere destaque ao seu vidrado reativo. Em gr\u00e9s fino, \u00e9 ideal para uso di\u00e1rio.<\/p>\n","protected":false},"featured_media":9057,"template":"","meta":[],"product_brand":[],"product_cat":[74],"product_tag":[],"class_list":{"0":"post-9052","1":"product","2":"type-product","3":"status-publish","4":"has-post-thumbnail","6":"product_cat-fapor-stoneware","8":"first","9":"instock","10":"shipping-taxable","11":"product-type-simple"},"_links":{"self":[{"href":"https:\/\/fapor.slideshow.com.pt\/index.php\/wp-json\/wp\/v2\/product\/9052","targetHints":{"allow":["GET"]}}],"collection":[{"href":"https:\/\/fapor.slideshow.com.pt\/index.php\/wp-json\/wp\/v2\/product"}],"about":[{"href":"https:\/\/fapor.slideshow.com.pt\/index.php\/wp-json\/wp\/v2\/types\/product"}],"wp:featuredmedia":[{"embeddable":true,"href":"https:\/\/fapor.slideshow.com.pt\/index.php\/wp-json\/wp\/v2\/media\/9057"}],"wp:attachment":[{"href":"https:\/\/fapor.slideshow.com.pt\/index.php\/wp-json\/wp\/v2\/media?parent=9052"}],"wp:term":[{"taxonomy":"product_brand","embeddable":true,"href":"https:\/\/fapor.slideshow.com.pt\/index.php\/wp-json\/wp\/v2\/product_brand?post=9052"},{"taxonomy":"product_cat","embeddable":true,"href":"https:\/\/fapor.slideshow.com.pt\/index.php\/wp-json\/wp\/v2\/product_cat?post=9052"},{"taxonomy":"product_tag","embeddable":true,"href":"https:\/\/fapor.slideshow.com.pt\/index.php\/wp-json\/wp\/v2\/product_tag?post=9052"}],"curies":[{"name":"wp","href":"https:\/\/api.w.org\/{rel}","templated":true}]}}